{"id":309,"date":"2012-02-05T18:28:33","date_gmt":"2012-02-05T17:28:33","guid":{"rendered":"http:\/\/www.pierresuchet.com\/Photo\/?page_id=309"},"modified":"2019-03-23T14:07:48","modified_gmt":"2019-03-23T13:07:48","slug":"a-gauche","status":"publish","type":"page","link":"https:\/\/www.pierresuchet.com\/?page_id=309","title":{"rendered":"Profil gauche"},"content":{"rendered":"\n<figure class=\"wp-block-image\"><img loading=\"lazy\" decoding=\"async\" width=\"1024\" height=\"691\" src=\"https:\/\/www.pierresuchet.com\/Photo\/wp-content\/uploads\/2019\/03\/05032019-A03-1024x691.jpg\" alt=\"\" class=\"wp-image-1862\" srcset=\"https:\/\/www.pierresuchet.com\/Photo\/wp-content\/uploads\/2019\/03\/05032019-A03-1024x691.jpg 1024w, https:\/\/www.pierresuchet.com\/Photo\/wp-content\/uploads\/2019\/03\/05032019-A03-300x202.jpg 300w, https:\/\/www.pierresuchet.com\/Photo\/wp-content\/uploads\/2019\/03\/05032019-A03-768x518.jpg 768w, https:\/\/www.pierresuchet.com\/Photo\/wp-content\/uploads\/2019\/03\/05032019-A03-950x641.jpg 950w, https:\/\/www.pierresuchet.com\/Photo\/wp-content\/uploads\/2019\/03\/05032019-A03-280x189.jpg 280w, https:\/\/www.pierresuchet.com\/Photo\/wp-content\/uploads\/2019\/03\/05032019-A03.jpg 1482w\" sizes=\"auto, (max-width: 1024px) 100vw, 1024px\" \/><figcaption><a rel=\"noreferrer noopener\" aria-label=\" (opens in a new tab)\" href=\"https:\/\/www.facebook.com\/fatima.sissani\" target=\"_blank\">Fatima Sissani<\/a>, r\u00e9alisatrice, apr\u00e8s la projection de son film &lsquo;<a rel=\"noreferrer noopener\" aria-label=\"R\u00e9sistantes - Tes cheveux d\u00e9m\u00eal\u00e9s cachent une  guerre de 7 ans (opens in a new tab)\" href=\"https:\/\/vimeo.com\/198996070\" target=\"_blank\">R\u00e9sistantes &#8211; Tes cheveux d\u00e9m\u00eal\u00e9s cachent une  guerre de 7 ans<\/a>\u00a0\u00bb au cin\u00e9ma Op\u00e9ra \u00e0 Lyon.  S\u00e9ance organis\u00e9e par <a href=\"https:\/\/enjeuxsurimage.com\/\" target=\"_blank\" rel=\"noreferrer noopener\" aria-label=\"Enjeux  sur Image (opens in a new tab)\">Enjeux  sur Image<\/a>.<\/figcaption><\/figure>\n\n\n\n<figure class=\"wp-block-image\"><img loading=\"lazy\" decoding=\"async\" width=\"1024\" height=\"685\" src=\"https:\/\/www.pierresuchet.com\/Photo\/wp-content\/uploads\/2019\/03\/Histoire-Populaire-France-10-1024x685.jpg\" alt=\"\" class=\"wp-image-1861\" srcset=\"https:\/\/www.pierresuchet.com\/Photo\/wp-content\/uploads\/2019\/03\/Histoire-Populaire-France-10-1024x685.jpg 1024w, https:\/\/www.pierresuchet.com\/Photo\/wp-content\/uploads\/2019\/03\/Histoire-Populaire-France-10-300x201.jpg 300w, https:\/\/www.pierresuchet.com\/Photo\/wp-content\/uploads\/2019\/03\/Histoire-Populaire-France-10-768x514.jpg 768w, https:\/\/www.pierresuchet.com\/Photo\/wp-content\/uploads\/2019\/03\/Histoire-Populaire-France-10-950x635.jpg 950w, https:\/\/www.pierresuchet.com\/Photo\/wp-content\/uploads\/2019\/03\/Histoire-Populaire-France-10-280x187.jpg 280w, https:\/\/www.pierresuchet.com\/Photo\/wp-content\/uploads\/2019\/03\/Histoire-Populaire-France-10.jpg 1495w\" sizes=\"auto, (max-width: 1024px) 100vw, 1024px\" \/><figcaption><a rel=\"noreferrer noopener\" aria-label=\"Mathilde Larr\u00e8re (opens in a new tab)\" href=\"https:\/\/twitter.com\/LarrereMathilde\" target=\"_blank\">Mathilde Larr\u00e8re<\/a>, historienne des r\u00e9volutions et de la citoyennet\u00e9, chroniqueuse sur <a rel=\"noreferrer noopener\" aria-label=\" (opens in a new tab)\" href=\"https:\/\/www.arretsurimages.net\/\" target=\"_blank\">Arret sur Images<\/a>, d\u00e9-tricoteuse sur <a rel=\"noreferrer noopener\" aria-label=\" (opens in a new tab)\" href=\"https:\/\/www.mediapart.fr\/\" target=\"_blank\">Mediapart<\/a>, apr\u00e8s la conf\u00e9rence-d\u00e9bat du 30 janvier 2019 <br>\u00e0 l&rsquo; <a rel=\"noreferrer noopener\" aria-label=\" (opens in a new tab)\" href=\"http:\/\/www.ens-lyon.fr\/\" target=\"_blank\">ENS de Lyon<\/a> autour du livre \u00ab\u00a0Une histoire populaire de la France\u00a0\u00bb de <a rel=\"noreferrer noopener\" aria-label=\" (opens in a new tab)\" href=\"https:\/\/www.facebook.com\/profile.php?id=100010843456212\" target=\"_blank\">G\u00e9rard Noiriel<\/a>, en pr\u00e9sence de l&rsquo;auteur et de Usul (vid\u00e9aste et chroniqueur)<\/figcaption><\/figure>\n\n\n\n<figure class=\"wp-block-image\"><img loading=\"lazy\" decoding=\"async\" width=\"1024\" height=\"678\" src=\"https:\/\/www.pierresuchet.com\/Photo\/wp-content\/uploads\/2019\/03\/17102018-E22-1024x678.jpg\" alt=\"\" class=\"wp-image-1865\" srcset=\"https:\/\/www.pierresuchet.com\/Photo\/wp-content\/uploads\/2019\/03\/17102018-E22-1024x678.jpg 1024w, https:\/\/www.pierresuchet.com\/Photo\/wp-content\/uploads\/2019\/03\/17102018-E22-300x199.jpg 300w, https:\/\/www.pierresuchet.com\/Photo\/wp-content\/uploads\/2019\/03\/17102018-E22-768x508.jpg 768w, https:\/\/www.pierresuchet.com\/Photo\/wp-content\/uploads\/2019\/03\/17102018-E22-950x629.jpg 950w, https:\/\/www.pierresuchet.com\/Photo\/wp-content\/uploads\/2019\/03\/17102018-E22-280x185.jpg 280w, https:\/\/www.pierresuchet.com\/Photo\/wp-content\/uploads\/2019\/03\/17102018-E22.jpg 1511w\" sizes=\"auto, (max-width: 1024px) 100vw, 1024px\" \/><figcaption><strong>Jacques K\u00e9badian<\/strong> aux Etats g\u00e9n\u00e9raux du film documentaire de Lussas en Ao\u00fbt 2018, pour la sortie de son livre \u00ab\u00a0Les fant\u00f4mes de Mai 68\u00a0\u00bb, un po\u00e8me cin\u00e9matographique associant des photogrammes issus de ses images tourn\u00e9es en Mai 68 et un texte de Jean-Louis Comolli<\/figcaption><\/figure>\n\n\n\n<div class=\"wp-block-image\"><figure class=\"aligncenter\"><img loading=\"lazy\" decoding=\"async\" width=\"586\" height=\"600\" src=\"https:\/\/www.pierresuchet.com\/Photo\/wp-content\/uploads\/2012\/02\/Eric-HAZAN.jpg\" alt=\"\" class=\"wp-image-1247\" srcset=\"https:\/\/www.pierresuchet.com\/Photo\/wp-content\/uploads\/2012\/02\/Eric-HAZAN.jpg 586w, https:\/\/www.pierresuchet.com\/Photo\/wp-content\/uploads\/2012\/02\/Eric-HAZAN-293x300.jpg 293w, https:\/\/www.pierresuchet.com\/Photo\/wp-content\/uploads\/2012\/02\/Eric-HAZAN-280x287.jpg 280w\" sizes=\"auto, (max-width: 586px) 100vw, 586px\" \/><figcaption><strong>Eric Hazan<\/strong>, fondateur et g\u00e9rant des \u00e9ditions \u00ab\u00a0<a rel=\"noreferrer noopener\" href=\"http:\/\/www.lafabrique.fr\/index.php\" target=\"_blank\">La Fabrique<\/a>\u00a0\u00bb lors de la f\u00eate de la librairie &lsquo;<a rel=\"noreferrer noopener\" href=\"https:\/\/www.facebook.com\/Le-Bal-des-ardents-235657986450564\/\" target=\"_blank\">Le bal des ardents&rsquo;<\/a>, le 21 Mai 2016<\/figcaption><\/figure><\/div>\n\n\n\n<h6 class=\"wp-block-heading\">&nbsp;<\/h6>\n\n\n\n<div class=\"wp-block-image\"><figure class=\"aligncenter\"><img loading=\"lazy\" decoding=\"async\" width=\"592\" height=\"600\" src=\"https:\/\/www.pierresuchet.com\/Photo\/wp-content\/uploads\/2012\/02\/Monique-PINCON-CHARLOT.jpg\" alt=\"\" class=\"wp-image-1248\" srcset=\"https:\/\/www.pierresuchet.com\/Photo\/wp-content\/uploads\/2012\/02\/Monique-PINCON-CHARLOT.jpg 592w, https:\/\/www.pierresuchet.com\/Photo\/wp-content\/uploads\/2012\/02\/Monique-PINCON-CHARLOT-296x300.jpg 296w, https:\/\/www.pierresuchet.com\/Photo\/wp-content\/uploads\/2012\/02\/Monique-PINCON-CHARLOT-280x284.jpg 280w\" sizes=\"auto, (max-width: 592px) 100vw, 592px\" \/><figcaption><strong>Monique Pin\u00e7on-Charlot,<\/strong> sociologue, \u00e0 la fin de son intervention lors de l&rsquo;ouverture de la <a rel=\"noreferrer noopener\" href=\"http:\/\/www.fetedulivre.villeurbanne.fr\/\" target=\"_blank\">F\u00eate du Livre Jeunesse de Villeurbanne<\/a> 2017. Elle pr\u00e9sentait, avec <a href=\"http:\/\/e.lecroart.free.fr\/\">Etienne L\u00e9croart<\/a> (illustrateur), leur ouvrage &lsquo;Pourquoi les riches sont-ils de plus en plus riches et les pauvres de plus en plus pauvres ?&rsquo; aux \u00e9ditions <a rel=\"noreferrer noopener\" href=\"https:\/\/www.lavillebrule.com\/\" target=\"_blank\">La ville br\u00fble<\/a>.<\/figcaption><\/figure><\/div>\n\n\n\n<div class=\"wp-block-image\"><figure class=\"aligncenter\"><img loading=\"lazy\" decoding=\"async\" width=\"600\" height=\"600\" src=\"https:\/\/www.pierresuchet.com\/Photo\/wp-content\/uploads\/2012\/02\/MG_0644.jpg\" alt=\"\" class=\"wp-image-298\" srcset=\"https:\/\/www.pierresuchet.com\/Photo\/wp-content\/uploads\/2012\/02\/MG_0644.jpg 600w, https:\/\/www.pierresuchet.com\/Photo\/wp-content\/uploads\/2012\/02\/MG_0644-150x150.jpg 150w, https:\/\/www.pierresuchet.com\/Photo\/wp-content\/uploads\/2012\/02\/MG_0644-300x300.jpg 300w, https:\/\/www.pierresuchet.com\/Photo\/wp-content\/uploads\/2012\/02\/MG_0644-280x280.jpg 280w\" sizes=\"auto, (max-width: 600px) 100vw, 600px\" \/><figcaption><strong>Pierre Rimbert<\/strong>, journaliste au Monde Diplomatique, auteur de \u00ab\u00a0<a href=\"http:\/\/www.homme-moderne.org\/raisonsdagir-editions\/catalog\/indexr.html\">Lib\u00e9ration, de Sartre \u00e0 Rotschild <\/a>\u00a0\u00bb (Raisons d&rsquo;agir, 2005). Il \u00e9tait \u00e0 Lyon le 3 Juin 2010, pour une conf\u00e9rence\/d\u00e9bat sur le th\u00e8me \u00ab\u00a0Contester dans les m\u00e9dias ou contester les m\u00e9dias ?\u00a0\u00bb, organis\u00e9e par <a rel=\"noreferrer noopener\" href=\"http:\/\/acrimed69.blogspot.com\/\" target=\"_blank\">Acrimed69<\/a> en collaboration avec <a rel=\"noreferrer noopener\" href=\"http:\/\/www.amis.monde-diplomatique.fr\/\" target=\"_blank\">Les Amis du Monde Diplomatique<\/a>. La conf\u00e9rence \u00e9tait pr\u00e9c\u00e9d\u00e9e de la projection du documentaire \u00ab<a rel=\"noreferrer noopener\" href=\"http:\/\/www.acrimed.org\/article2843.html\" target=\"_blank\">Jos\u00e9 Bov\u00e9 : le cirque m\u00e9diatique<\/a>\u00bb<\/figcaption><\/figure><\/div>\n\n\n\n<h6 class=\"wp-block-heading\">&nbsp;<\/h6>\n\n\n\n<div class=\"wp-block-image\"><figure class=\"aligncenter\"><img loading=\"lazy\" decoding=\"async\" width=\"600\" height=\"600\" src=\"https:\/\/www.pierresuchet.com\/Photo\/wp-content\/uploads\/2012\/02\/MG_9225.jpg\" alt=\"\" class=\"wp-image-299\" srcset=\"https:\/\/www.pierresuchet.com\/Photo\/wp-content\/uploads\/2012\/02\/MG_9225.jpg 600w, https:\/\/www.pierresuchet.com\/Photo\/wp-content\/uploads\/2012\/02\/MG_9225-150x150.jpg 150w, https:\/\/www.pierresuchet.com\/Photo\/wp-content\/uploads\/2012\/02\/MG_9225-300x300.jpg 300w, https:\/\/www.pierresuchet.com\/Photo\/wp-content\/uploads\/2012\/02\/MG_9225-280x280.jpg 280w\" sizes=\"auto, (max-width: 600px) 100vw, 600px\" \/><figcaption><strong>Jean-Marie Harribey<\/strong>, \u00e9conomiste, chroniqueur \u00e0 <a rel=\"noreferrer noopener\" href=\"http:\/\/www.politis.fr\" target=\"_blank\">Politis<\/a>, membre d&rsquo;<a rel=\"noreferrer noopener\" href=\"http:\/\/www.france.attac.org\/\" target=\"_blank\">ATTAC<\/a> et de la <a rel=\"noreferrer noopener\" href=\"http:\/\/www.fondation-copernic.org\/\" target=\"_blank\">Fondation Copernic<\/a>, \u00e0 Lyon le 19 Septembre 2009, dans le cadre du Forum Lib\u00e9ration, lors du d\u00e9bat \u00ab\u00a0Faut-il d\u00e9globaliser ?\u00a0\u00bb face \u00e0 Pascal Lamy, Directeur g\u00e9n\u00e9ral de l&rsquo;OMC.<\/figcaption><\/figure><\/div>\n\n\n\n<h6 class=\"wp-block-heading\">&nbsp;<\/h6>\n\n\n\n<div class=\"wp-block-image\"><figure class=\"aligncenter\"><img loading=\"lazy\" decoding=\"async\" width=\"600\" height=\"600\" src=\"https:\/\/www.pierresuchet.com\/Photo\/wp-content\/uploads\/2012\/02\/MG_9606.jpg\" alt=\"\" class=\"wp-image-300\" srcset=\"https:\/\/www.pierresuchet.com\/Photo\/wp-content\/uploads\/2012\/02\/MG_9606.jpg 600w, https:\/\/www.pierresuchet.com\/Photo\/wp-content\/uploads\/2012\/02\/MG_9606-150x150.jpg 150w, https:\/\/www.pierresuchet.com\/Photo\/wp-content\/uploads\/2012\/02\/MG_9606-300x300.jpg 300w, https:\/\/www.pierresuchet.com\/Photo\/wp-content\/uploads\/2012\/02\/MG_9606-280x280.jpg 280w\" sizes=\"auto, (max-width: 600px) 100vw, 600px\" \/><figcaption><strong><a rel=\"noreferrer noopener\" href=\"http:\/\/cargocollective.com\/AriellaAzoulay\" target=\"_blank\">Ariella Azoulay<\/a><\/strong>, directrice de recherche \u00e0 l&rsquo;Universit\u00e9 de Tel Aviv et r\u00e9alisatrice, lors d&rsquo;une conf\u00e9rence\u00a0\u00e0 la Villa Gillet le 19 Octobre 2009, sur le th\u00e8me \u00ab\u00a0Pouvoir politique et \u00e9thique de la photographie aujourd&rsquo;hui\u00a0\u00bb<\/figcaption><\/figure><\/div>\n\n\n\n<h6 class=\"wp-block-heading\">&nbsp;<\/h6>\n\n\n\n<div class=\"wp-block-image size-full wp-image-313\"><figure class=\"aligncenter\"><img loading=\"lazy\" decoding=\"async\" width=\"600\" height=\"600\" src=\"https:\/\/www.pierresuchet.com\/Photo\/wp-content\/uploads\/2012\/02\/MG_96961.jpg\" alt=\"Carmen Castillo\" class=\"wp-image-313\" srcset=\"https:\/\/www.pierresuchet.com\/Photo\/wp-content\/uploads\/2012\/02\/MG_96961.jpg 600w, https:\/\/www.pierresuchet.com\/Photo\/wp-content\/uploads\/2012\/02\/MG_96961-150x150.jpg 150w, https:\/\/www.pierresuchet.com\/Photo\/wp-content\/uploads\/2012\/02\/MG_96961-300x300.jpg 300w, https:\/\/www.pierresuchet.com\/Photo\/wp-content\/uploads\/2012\/02\/MG_96961-280x280.jpg 280w\" sizes=\"auto, (max-width: 600px) 100vw, 600px\" \/><figcaption><strong>Carmen Castillo<\/strong>, r\u00e9alisatrice, \u00e0 Lyon le 28 Novembre 2009, lors du mois du documentaire, pour pr\u00e9senter son film \u00ab\u00a0<a rel=\"noreferrer noopener\" href=\"http:\/\/www.youtube.com\/watch?v=7p9rleNFNL4\" target=\"_blank\">Rue Santa F\u00e9<\/a>\u00ab\u00a0<\/figcaption><\/figure><\/div>\n\n\n\n<h6 class=\"wp-block-heading\">&nbsp;<\/h6>\n\n\n\n<div class=\"wp-block-image size-full wp-image-314\"><figure class=\"aligncenter\"><img loading=\"lazy\" decoding=\"async\" width=\"600\" height=\"600\" src=\"https:\/\/www.pierresuchet.com\/Photo\/wp-content\/uploads\/2012\/02\/MG_97541.jpg\" alt=\"Fabrice Ferrari\" class=\"wp-image-314\" srcset=\"https:\/\/www.pierresuchet.com\/Photo\/wp-content\/uploads\/2012\/02\/MG_97541.jpg 600w, https:\/\/www.pierresuchet.com\/Photo\/wp-content\/uploads\/2012\/02\/MG_97541-150x150.jpg 150w, https:\/\/www.pierresuchet.com\/Photo\/wp-content\/uploads\/2012\/02\/MG_97541-300x300.jpg 300w, https:\/\/www.pierresuchet.com\/Photo\/wp-content\/uploads\/2012\/02\/MG_97541-280x280.jpg 280w\" sizes=\"auto, (max-width: 600px) 100vw, 600px\" \/><figcaption><strong>Fabrice Ferrari<\/strong>, producteur et r\u00e9alisateur, au cin\u00e9ma \u00ab\u00a0Le Toboggan\u00a0\u00bb \u00e0 D\u00e9cines le 12 D\u00e9cembre 2009, lors du d\u00e9bat suivant la projection du film \u00ab\u00a0<a rel=\"noreferrer noopener\" href=\"http:\/\/www.walterretourenresistance.com\/\" target=\"_blank\">Walter, retour en r\u00e9sistance<\/a>\u00a0\u00bb de Gilles Perret<\/figcaption><\/figure><\/div>\n\n\n\n<h6 class=\"wp-block-heading\">&nbsp;<\/h6>\n\n\n\n<div class=\"wp-block-image size-full wp-image-315\"><figure class=\"aligncenter\"><img loading=\"lazy\" decoding=\"async\" width=\"600\" height=\"600\" src=\"https:\/\/www.pierresuchet.com\/Photo\/wp-content\/uploads\/2012\/02\/MG_97651.jpg\" alt=\"Walter Bassan\" class=\"wp-image-315\" srcset=\"https:\/\/www.pierresuchet.com\/Photo\/wp-content\/uploads\/2012\/02\/MG_97651.jpg 600w, https:\/\/www.pierresuchet.com\/Photo\/wp-content\/uploads\/2012\/02\/MG_97651-150x150.jpg 150w, https:\/\/www.pierresuchet.com\/Photo\/wp-content\/uploads\/2012\/02\/MG_97651-300x300.jpg 300w, https:\/\/www.pierresuchet.com\/Photo\/wp-content\/uploads\/2012\/02\/MG_97651-280x280.jpg 280w\" sizes=\"auto, (max-width: 600px) 100vw, 600px\" \/><figcaption><strong>Walter Bassan<\/strong>, ancien r\u00e9sistant, d\u00e9port\u00e9 \u00e0 Dachau, au cin\u00e9ma \u00ab\u00a0Le Toboggan\u00a0\u00bb \u00e0 D\u00e9cines le 12 D\u00e9cembre 2009, lors du d\u00e9bat suivant la projection du film \u00ab\u00a0<a rel=\"noreferrer noopener\" href=\"http:\/\/www.walterretourenresistance.com\/\" target=\"_blank\">Walter, retour en r\u00e9sistance<\/a>\u00ab\u00a0de Gilles Perret<\/figcaption><\/figure><\/div>\n\n\n\n<h6 class=\"wp-block-heading\">&nbsp;<\/h6>\n\n\n\n<div class=\"wp-block-image size-full wp-image-316\"><figure class=\"aligncenter\"><img loading=\"lazy\" decoding=\"async\" width=\"600\" height=\"600\" src=\"https:\/\/www.pierresuchet.com\/Photo\/wp-content\/uploads\/2012\/02\/16032011-_MG_26691.jpg\" alt=\"Denis Gheerbrant\" class=\"wp-image-316\" srcset=\"https:\/\/www.pierresuchet.com\/Photo\/wp-content\/uploads\/2012\/02\/16032011-_MG_26691.jpg 600w, https:\/\/www.pierresuchet.com\/Photo\/wp-content\/uploads\/2012\/02\/16032011-_MG_26691-150x150.jpg 150w, https:\/\/www.pierresuchet.com\/Photo\/wp-content\/uploads\/2012\/02\/16032011-_MG_26691-300x300.jpg 300w, https:\/\/www.pierresuchet.com\/Photo\/wp-content\/uploads\/2012\/02\/16032011-_MG_26691-280x280.jpg 280w\" sizes=\"auto, (max-width: 600px) 100vw, 600px\" \/><figcaption><strong>Denis Gheerbrant<\/strong>, r\u00e9alisateur, au cin\u00e9ma Comoedia \u00e0 Lyon le 16 Mars 2011,\u00a0 lors de la projection de son film \u00ab\u00a0<a rel=\"noreferrer noopener\" href=\"http:\/\/www.editionsmontparnasse.fr\/larepublique\/\" target=\"_blank\">La r\u00e9publique Marseille<\/a>\u00ab\u00a0<\/figcaption><\/figure><\/div>\n\n\n\n<h6 class=\"wp-block-heading\">&nbsp;<\/h6>\n\n\n\n<div class=\"wp-block-image size-full wp-image-317\"><figure class=\"aligncenter\"><img loading=\"lazy\" decoding=\"async\" width=\"600\" height=\"600\" src=\"https:\/\/www.pierresuchet.com\/Photo\/wp-content\/uploads\/2012\/02\/22102011-_MG_57111.jpg\" alt=\"Nicolas Gingand\" class=\"wp-image-317\" srcset=\"https:\/\/www.pierresuchet.com\/Photo\/wp-content\/uploads\/2012\/02\/22102011-_MG_57111.jpg 600w, https:\/\/www.pierresuchet.com\/Photo\/wp-content\/uploads\/2012\/02\/22102011-_MG_57111-150x150.jpg 150w, https:\/\/www.pierresuchet.com\/Photo\/wp-content\/uploads\/2012\/02\/22102011-_MG_57111-300x300.jpg 300w, https:\/\/www.pierresuchet.com\/Photo\/wp-content\/uploads\/2012\/02\/22102011-_MG_57111-280x280.jpg 280w\" sizes=\"auto, (max-width: 600px) 100vw, 600px\" \/><figcaption><strong>Nicolas Gingand<\/strong>, consultant en cr\u00e9ation d\u2019entreprises au sein de\u00a0 l\u2019<a rel=\"noreferrer noopener\" href=\"http:\/\/www.scop.org\/\" target=\"_blank\">Union R\u00e9gionale des SCOP<\/a>\u00a0(Soci\u00e9t\u00e9s Coop\u00e9ratives et Participatives), lors de la rencontre organis\u00e9e par l&rsquo;association Enjeux sur Image sur le th\u00e8me \u00ab\u00a0Cin\u00e9mas en forme de SCOP\u00a0\u00bb<\/figcaption><\/figure><\/div>\n\n\n\n<h6 class=\"wp-block-heading\">&nbsp;<\/h6>\n\n\n\n<div class=\"wp-block-image size-full wp-image-318\"><figure class=\"aligncenter\"><img loading=\"lazy\" decoding=\"async\" width=\"600\" height=\"600\" src=\"https:\/\/www.pierresuchet.com\/Photo\/wp-content\/uploads\/2012\/02\/22102011-_MG_57281.jpg\" alt=\"Antoine Ravat\" class=\"wp-image-318\" srcset=\"https:\/\/www.pierresuchet.com\/Photo\/wp-content\/uploads\/2012\/02\/22102011-_MG_57281.jpg 600w, https:\/\/www.pierresuchet.com\/Photo\/wp-content\/uploads\/2012\/02\/22102011-_MG_57281-150x150.jpg 150w, https:\/\/www.pierresuchet.com\/Photo\/wp-content\/uploads\/2012\/02\/22102011-_MG_57281-300x300.jpg 300w, https:\/\/www.pierresuchet.com\/Photo\/wp-content\/uploads\/2012\/02\/22102011-_MG_57281-280x280.jpg 280w\" sizes=\"auto, (max-width: 600px) 100vw, 600px\" \/><figcaption><strong>Antoine Ravat<\/strong>, g\u00e9rant du cin\u00e9ma Le France (Soci\u00e9t\u00e9 Coop\u00e9rative d&rsquo;Int\u00e9r\u00eat Collectif &#8211; St Etienne), lors de la rencontre organis\u00e9e par l&rsquo;association Enjeux sur Image sur le th\u00e8me \u00ab\u00a0Cin\u00e9mas en forme de SCOP\u00a0\u00bb<\/figcaption><\/figure><\/div>\n\n\n\n<h6 class=\"wp-block-heading\">&nbsp;<\/h6>\n\n\n\n<div class=\"wp-block-image size-full wp-image-319\"><figure class=\"aligncenter\"><img loading=\"lazy\" decoding=\"async\" width=\"600\" height=\"600\" src=\"https:\/\/www.pierresuchet.com\/Photo\/wp-content\/uploads\/2012\/02\/25112011-_MG_60791.jpg\" alt=\"Gilles Balbastre\" class=\"wp-image-319\" srcset=\"https:\/\/www.pierresuchet.com\/Photo\/wp-content\/uploads\/2012\/02\/25112011-_MG_60791.jpg 600w, https:\/\/www.pierresuchet.com\/Photo\/wp-content\/uploads\/2012\/02\/25112011-_MG_60791-150x150.jpg 150w, https:\/\/www.pierresuchet.com\/Photo\/wp-content\/uploads\/2012\/02\/25112011-_MG_60791-300x300.jpg 300w, https:\/\/www.pierresuchet.com\/Photo\/wp-content\/uploads\/2012\/02\/25112011-_MG_60791-280x280.jpg 280w\" sizes=\"auto, (max-width: 600px) 100vw, 600px\" \/><figcaption><strong>Gilles Balbastre<\/strong>, journaliste et r\u00e9alisateur, lors du d\u00e9bat organis\u00e9 le 25 Novembre 2011 au Toboggan (D\u00e9cines) apr\u00e8s la projection en avant-premi\u00e8re du film \u00ab\u00a0<a href=\"https:\/\/www.youtube.com\/watch?v=hL52vf1ynFg\" target=\"_blank\" rel=\"noreferrer noopener\" aria-label=\" (opens in a new tab)\">Les nouveaux chiens de garde<\/a>\u00ab\u00a0, r\u00e9alis\u00e9 par Gilles Balbastre et Y. Kergoat.<\/figcaption><\/figure><\/div>\n\n\n\n<h6 class=\"wp-block-heading\"><strong><br><\/strong><\/h6>\n","protected":false},"excerpt":{"rendered":"<p>&nbsp; &nbsp; &nbsp; &nbsp; &nbsp; &nbsp; &nbsp; &nbsp; &nbsp; &nbsp;<\/p>\n","protected":false},"author":1,"featured_media":1247,"parent":0,"menu_order":0,"comment_status":"open","ping_status":"open","template":"","meta":{"_monsterinsights_skip_tracking":false,"_monsterinsights_sitenote_active":false,"_monsterinsights_sitenote_note":"","_monsterinsights_sitenote_category":0,"ngg_post_thumbnail":0,"footnotes":""},"class_list":["post-309","page","type-page","status-publish","has-post-thumbnail","hentry"],"_links":{"self":[{"href":"https:\/\/www.pierresuchet.com\/index.php?rest_route=\/wp\/v2\/pages\/309","targetHints":{"allow":["GET"]}}],"collection":[{"href":"https:\/\/www.pierresuchet.com\/index.php?rest_route=\/wp\/v2\/pages"}],"about":[{"href":"https:\/\/www.pierresuchet.com\/index.php?rest_route=\/wp\/v2\/types\/page"}],"author":[{"embeddable":true,"href":"https:\/\/www.pierresuchet.com\/index.php?rest_route=\/wp\/v2\/users\/1"}],"replies":[{"embeddable":true,"href":"https:\/\/www.pierresuchet.com\/index.php?rest_route=%2Fwp%2Fv2%2Fcomments&post=309"}],"version-history":[{"count":31,"href":"https:\/\/www.pierresuchet.com\/index.php?rest_route=\/wp\/v2\/pages\/309\/revisions"}],"predecessor-version":[{"id":1875,"href":"https:\/\/www.pierresuchet.com\/index.php?rest_route=\/wp\/v2\/pages\/309\/revisions\/1875"}],"wp:featuredmedia":[{"embeddable":true,"href":"https:\/\/www.pierresuchet.com\/index.php?rest_route=\/wp\/v2\/media\/1247"}],"wp:attachment":[{"href":"https:\/\/www.pierresuchet.com\/index.php?rest_route=%2Fwp%2Fv2%2Fmedia&parent=309"}],"curies":[{"name":"wp","href":"https:\/\/api.w.org\/{rel}","templated":true}]}}