{"id":3344,"date":"2025-02-11T21:26:20","date_gmt":"2025-02-11T20:26:20","guid":{"rendered":"https:\/\/www.pierresuchet.com\/?page_id=3344"},"modified":"2025-12-16T21:20:25","modified_gmt":"2025-12-16T20:20:25","slug":"textes","status":"publish","type":"page","link":"https:\/\/www.pierresuchet.com\/?page_id=3344","title":{"rendered":"Textes"},"content":{"rendered":"\n<p>Cette page recense les textes produits par diff\u00e9rents auteurs, en lien avec mon travail photographique, \u00e0 l&rsquo;occasion d&rsquo;expositions, de colloques ou de publications d&rsquo;ouvrages. Ces auteurs m&rsquo;ont autoris\u00e9 \u00e0 les publier ici, je les en remercie.<\/p>\n<p>&nbsp;<\/p>\n<p><strong>Dani\u00e8le M\u00e9aux<\/strong> (Professeur des Universit\u00e9s &#8211; Esth\u00e9tique et sciences de l&rsquo;art &#8211; Universit\u00e9 Jean Monnet &#8211; Saint-Etienne) :<\/p>\n<ul style=\"list-style-type: circle;\">\n<li><span style=\"font-family: tahoma, arial, helvetica, sans-serif;\"><a href=\"https:\/\/www.pierresuchet.com\/Photo\/wp-content\/uploads\/2025\/12\/1-Introduction-MC_DM.pdf\" target=\"_blank\" rel=\"noopener\"><em>Rivi\u00e8res urbaines. Introduction \u00e0 l&rsquo;exposition<\/em><\/a>.&nbsp; Publi\u00e9 \u00e0 l&rsquo;occasion de l&rsquo;exposition &lsquo;Rivi\u00e8res urbaines&rsquo; \u00e0 la Maison de l&rsquo;Architecture (Lyon), 2024<\/span><\/li>\n<li><span style=\"font-family: tahoma, arial, helvetica, sans-serif;\"><a href=\"https:\/\/www.pierresuchet.com\/Photo\/wp-content\/uploads\/2025\/12\/Meaux_Reactiver-une-relation-sensible.pdf\" target=\"_blank\" rel=\"noopener\"><em>R\u00e9activer une relation sensible au cours d&rsquo;eau<\/em><\/a>. Publication dans le livre &lsquo;Exp\u00e9riences sensibles &amp; sciences humaines et sociales&rsquo; aux \u00e9ditions Hermann (2025)<\/span><\/li>\n<li><span style=\"font-family: tahoma, arial, helvetica, sans-serif;\"><a href=\"https:\/\/www.pierresuchet.com\/Photo\/wp-content\/uploads\/2025\/12\/Daniele-Meaux_Photographier-au-fil-de-leau.pdf\" target=\"_blank\" rel=\"noopener\"><em>Photographier au fil de l&rsquo;eau<\/em><\/a>. Publication dans &lsquo;Le rythme \u00e0 l&rsquo;\u00e9preuve des corps et du vivant&rsquo;, dir C.Graff et L. Gwiazdzinski &#8211; Editions Ruthmos, 2026<\/span><\/li>\n<\/ul>\n<p><strong>Marie Civil<\/strong> (Directrice d&rsquo;Archipel &#8211; Maison de l&rsquo;architecture Auvergne-Rh\u00f4ne-Alpes)<\/p>\n<ul style=\"list-style-type: circle;\">\n<li><span style=\"font-family: tahoma, arial, helvetica, sans-serif;\"><a href=\"https:\/\/www.pierresuchet.com\/Photo\/wp-content\/uploads\/2025\/12\/1-Introduction-MC_DM.pdf\" target=\"_blank\" rel=\"noopener\"><em>Rivi\u00e8res urbaines. Introduction \u00e0 l&rsquo;exposition<\/em><\/a>.&nbsp; Publi\u00e9 \u00e0 l&rsquo;occasion de l&rsquo;exposition &lsquo;Rivi\u00e8res urbaines&rsquo; \u00e0 la Maison de l&rsquo;Architecture (Lyon), 2024<\/span><\/li>\n<\/ul>\n<p><span style=\"font-family: tahoma, arial, helvetica, sans-serif;\"><strong>Jean-Luc Bayard<\/strong> (Directeur de la recherche &#8211; Ecole nationale sup\u00e9rieure d&rsquo;architecture de Saint-Etienne) :<\/span><\/p>\n<ul style=\"list-style-type: circle;\">\n<li><span style=\"font-family: tahoma, arial, helvetica, sans-serif;\"><em><a href=\"https:\/\/www.pierresuchet.com\/Photo\/wp-content\/uploads\/2025\/12\/2-Les-rives-du-temps.pdf\" target=\"_blank\" rel=\"noopener\">Les rives du temps<\/a>.<\/em> Cartel d&rsquo;introduction \u00e0 l&rsquo;exposition &lsquo;Rivi\u00e8res urbaines&rsquo; \u00e0 la Maison de l&rsquo;Architecture (Lyon), 2024<\/span><\/li>\n<\/ul>\n<p><strong>Fabien Ribery<\/strong> (auteur, agr\u00e9g\u00e9 de lettres modernes, charg\u00e9 de cours \u00e0 l\u2019Universit\u00e9 Bretagne Occidentale (UBO) et journaliste free lance)<\/p>\n<ul style=\"list-style-type: circle;\">\n<li><span style=\"font-family: tahoma, arial, helvetica, sans-serif;\"><a href=\"https:\/\/www.pierresuchet.com\/Photo\/wp-content\/uploads\/2025\/12\/Suivre-le-Furan-par-Pierre-Suchet-photographe-et-Daniele-Meaux-enseignante-chercheuse-\u2013-Le-blog-de-Fabien-Ribery.pdf\" target=\"_blank\" rel=\"noopener\"><em>Suivre le Furan<\/em><\/a>. Texte publi\u00e9 sur le blog de Fabien Ribery &lsquo;<a href=\"https:\/\/lintervalle.blog\/2025\/05\/31\/suivre-le-furan-par-pierre-suchet-photographe-et-daniele-meaux-enseignante-chercheuse\/\" target=\"_blank\" rel=\"noopener\">L&rsquo;intervalle<\/a>&lsquo;<\/span><\/li>\n<\/ul>\n<p><strong>Fr\u00e9d\u00e9ric Martin<\/strong> (auteur et chroniqueur)<\/p>\n<ul style=\"list-style-type: circle;\">\n<li><span style=\"font-family: tahoma, arial, helvetica, sans-serif;\"><a href=\"https:\/\/www.pierresuchet.com\/Photo\/wp-content\/uploads\/2025\/12\/Sur-les-traces-du-Furan-Daniele-Meaux_Pierre-Suchet-5rue-du.pdf\" target=\"_blank\" rel=\"noopener\">Sur les traces du Furan<\/a>. Texte publi\u00e9 sur le blog de Fr\u00e9d\u00e9ric Martin (<a href=\"https:\/\/www.5ruedu.fr\/2025\/05\/14\/sur-les-traces-du-furan-daniele-meaux-pierre-suchet\/\" target=\"_blank\" rel=\"noopener\">5, rue du<\/a>)<\/span><\/li>\n<\/ul>\n<p><strong>Jean-Jacques Farr\u00e9<\/strong> (r\u00e9dacteur en chef de la revue <a href=\"https:\/\/www.touslesjourscurieux.fr\/\" target=\"_blank\" rel=\"noopener\">Like<\/a> et administrateur de <a href=\"https:\/\/www.lumieredencre.fr\/\" target=\"_blank\" rel=\"noopener\">Lumi\u00e8re d&rsquo;Encre<\/a>)<\/p>\n<ul style=\"list-style-type: circle;\">\n<li><span style=\"font-family: tahoma, arial, helvetica, sans-serif;\"><a href=\"https:\/\/www.pierresuchet.com\/Photo\/wp-content\/uploads\/2025\/12\/Like_Revue_No_20.pdf\" target=\"_blank\" rel=\"noopener\">Sur les traces du Furan<\/a>. Texte paru dans le n\u00b020 de la revue Like (printemps 2025)<\/span><\/li>\n<\/ul>\n<p><strong>Georges Annetch<\/strong> (auteur)<\/p>\n<ul style=\"list-style-type: circle;\">\n<li><span style=\"font-family: tahoma, arial, helvetica, sans-serif;\"><a href=\"https:\/\/www.pierresuchet.com\/Photo\/wp-content\/uploads\/2025\/12\/La-quete-du-Furan-un-fleuve-stephanois-secret-\u2013-LaCritique.Org_.pdf\" target=\"_blank\" rel=\"noopener\">La qu\u00eate du Furan, un fleuve st\u00e9phanois discret<\/a>. Recension parue sur <a href=\"https:\/\/www.lacritique.org\/la-quete-du-furan-un-fleuve-stephanois-secret\/\" target=\"_blank\" rel=\"noopener\">LaCritique.org<\/a><\/span><\/li>\n<\/ul>\n<p>&nbsp;<\/p>\n<p>&nbsp;<\/p>\n","protected":false},"excerpt":{"rendered":"<p>Cette page recense les textes produits par diff\u00e9rents auteurs, en lien avec mon travail photographique, \u00e0 l&rsquo;occasion d&rsquo;expositions, de colloques ou de publications d&rsquo;ouvrages. Ces auteurs m&rsquo;ont autoris\u00e9 \u00e0 les publier ici, je les en remercie. &nbsp; Dani\u00e8le M\u00e9aux (Professeur des Universit\u00e9s &#8211; Esth\u00e9tique et sciences de l&rsquo;art &#8211; Universit\u00e9 Jean Monnet &#8211; Saint-Etienne) :&#8230;<\/p>\n","protected":false},"author":1,"featured_media":0,"parent":0,"menu_order":0,"comment_status":"closed","ping_status":"closed","template":"","meta":{"_monsterinsights_skip_tracking":false,"_monsterinsights_sitenote_active":false,"_monsterinsights_sitenote_note":"","_monsterinsights_sitenote_category":0,"ngg_post_thumbnail":0,"footnotes":""},"class_list":["post-3344","page","type-page","status-publish","hentry"],"_links":{"self":[{"href":"https:\/\/www.pierresuchet.com\/index.php?rest_route=\/wp\/v2\/pages\/3344","targetHints":{"allow":["GET"]}}],"collection":[{"href":"https:\/\/www.pierresuchet.com\/index.php?rest_route=\/wp\/v2\/pages"}],"about":[{"href":"https:\/\/www.pierresuchet.com\/index.php?rest_route=\/wp\/v2\/types\/page"}],"author":[{"embeddable":true,"href":"https:\/\/www.pierresuchet.com\/index.php?rest_route=\/wp\/v2\/users\/1"}],"replies":[{"embeddable":true,"href":"https:\/\/www.pierresuchet.com\/index.php?rest_route=%2Fwp%2Fv2%2Fcomments&post=3344"}],"version-history":[{"count":16,"href":"https:\/\/www.pierresuchet.com\/index.php?rest_route=\/wp\/v2\/pages\/3344\/revisions"}],"predecessor-version":[{"id":3437,"href":"https:\/\/www.pierresuchet.com\/index.php?rest_route=\/wp\/v2\/pages\/3344\/revisions\/3437"}],"wp:attachment":[{"href":"https:\/\/www.pierresuchet.com\/index.php?rest_route=%2Fwp%2Fv2%2Fmedia&parent=3344"}],"curies":[{"name":"wp","href":"https:\/\/api.w.org\/{rel}","templated":true}]}}

<p>Cette page recense les textes produits par différents auteurs, en lien avec mon travail photographique, à l&rsquo;occasion d&rsquo;expositions, de colloques ou de publications d&rsquo;ouvrages. Ces auteurs m&rsquo;ont autorisé à les publier ici, je les en remercie.</p>
<p>&nbsp;</p>
<p><strong>Danièle Méaux</strong> (Professeur des Universités &#8211; Esthétique et sciences de l&rsquo;art &#8211; Université Jean Monnet &#8211; Saint-Etienne) :</p>
<ul style="list-style-type: circle;">
<li><span style="font-family: tahoma, arial, helvetica, sans-serif;"><a href="https://www.pierresuchet.com/Photo/wp-content/uploads/2025/12/1-Introduction-MC_DM.pdf" target="_blank" rel="noopener"><em>Rivières urbaines. Introduction à l&rsquo;exposition</em></a>.&nbsp; Publié à l&rsquo;occasion de l&rsquo;exposition &lsquo;Rivières urbaines&rsquo; à la Maison de l&rsquo;Architecture (Lyon), 2024</span></li>
<li><span style="font-family: tahoma, arial, helvetica, sans-serif;"><a href="https://www.pierresuchet.com/Photo/wp-content/uploads/2025/12/Meaux_Reactiver-une-relation-sensible.pdf" target="_blank" rel="noopener"><em>Réactiver une relation sensible au cours d&rsquo;eau</em></a>. Publication dans le livre &lsquo;Expériences sensibles &amp; sciences humaines et sociales&rsquo; aux éditions Hermann (2025)</span></li>
<li><span style="font-family: tahoma, arial, helvetica, sans-serif;"><a href="https://www.pierresuchet.com/Photo/wp-content/uploads/2025/12/Daniele-Meaux_Photographier-au-fil-de-leau.pdf" target="_blank" rel="noopener"><em>Photographier au fil de l&rsquo;eau</em></a>. Publication dans &lsquo;Le rythme à l&rsquo;épreuve des corps et du vivant&rsquo;, dir C.Graff et L. Gwiazdzinski &#8211; Editions Ruthmos, 2026</span></li>
</ul>
<p><strong>Marie Civil</strong> (Directrice d&rsquo;Archipel &#8211; Maison de l&rsquo;architecture Auvergne-Rhône-Alpes)</p>
<ul style="list-style-type: circle;">
<li><span style="font-family: tahoma, arial, helvetica, sans-serif;"><a href="https://www.pierresuchet.com/Photo/wp-content/uploads/2025/12/1-Introduction-MC_DM.pdf" target="_blank" rel="noopener"><em>Rivières urbaines. Introduction à l&rsquo;exposition</em></a>.&nbsp; Publié à l&rsquo;occasion de l&rsquo;exposition &lsquo;Rivières urbaines&rsquo; à la Maison de l&rsquo;Architecture (Lyon), 2024</span></li>
</ul>
<p><span style="font-family: tahoma, arial, helvetica, sans-serif;"><strong>Jean-Luc Bayard</strong> (Directeur de la recherche &#8211; Ecole nationale supérieure d&rsquo;architecture de Saint-Etienne) :</span></p>
<ul style="list-style-type: circle;">
<li><span style="font-family: tahoma, arial, helvetica, sans-serif;"><em><a href="https://www.pierresuchet.com/Photo/wp-content/uploads/2025/12/2-Les-rives-du-temps.pdf" target="_blank" rel="noopener">Les rives du temps</a>.</em> Cartel d&rsquo;introduction à l&rsquo;exposition &lsquo;Rivières urbaines&rsquo; à la Maison de l&rsquo;Architecture (Lyon), 2024</span></li>
</ul>
<p><strong>Fabien Ribery</strong> (auteur, agrégé de lettres modernes, chargé de cours à l’Université Bretagne Occidentale (UBO) et journaliste free lance)</p>
<ul style="list-style-type: circle;">
<li><span style="font-family: tahoma, arial, helvetica, sans-serif;"><a href="https://www.pierresuchet.com/Photo/wp-content/uploads/2025/12/Suivre-le-Furan-par-Pierre-Suchet-photographe-et-Daniele-Meaux-enseignante-chercheuse-–-Le-blog-de-Fabien-Ribery.pdf" target="_blank" rel="noopener"><em>Suivre le Furan</em></a>. Texte publié sur le blog de Fabien Ribery &lsquo;<a href="https://lintervalle.blog/2025/05/31/suivre-le-furan-par-pierre-suchet-photographe-et-daniele-meaux-enseignante-chercheuse/" target="_blank" rel="noopener">L&rsquo;intervalle</a>&lsquo;</span></li>
</ul>
<p><strong>Frédéric Martin</strong> (auteur et chroniqueur)</p>
<ul style="list-style-type: circle;">
<li><span style="font-family: tahoma, arial, helvetica, sans-serif;"><a href="https://www.pierresuchet.com/Photo/wp-content/uploads/2025/12/Sur-les-traces-du-Furan-Daniele-Meaux_Pierre-Suchet-5rue-du.pdf" target="_blank" rel="noopener">Sur les traces du Furan</a>. Texte publié sur le blog de Frédéric Martin (<a href="https://www.5ruedu.fr/2025/05/14/sur-les-traces-du-furan-daniele-meaux-pierre-suchet/" target="_blank" rel="noopener">5, rue du</a>)</span></li>
</ul>
<p><strong>Jean-Jacques Farré</strong> (rédacteur en chef de la revue <a href="https://www.touslesjourscurieux.fr/" target="_blank" rel="noopener">Like</a> et administrateur de <a href="https://www.lumieredencre.fr/" target="_blank" rel="noopener">Lumière d&rsquo;Encre</a>)</p>
<ul style="list-style-type: circle;">
<li><span style="font-family: tahoma, arial, helvetica, sans-serif;"><a href="https://www.pierresuchet.com/Photo/wp-content/uploads/2025/12/Like_Revue_No_20.pdf" target="_blank" rel="noopener">Sur les traces du Furan</a>. Texte paru dans le n°20 de la revue Like (printemps 2025)</span></li>
</ul>
<p><strong>Georges Annetch</strong> (auteur)</p>
<ul style="list-style-type: circle;">
<li><span style="font-family: tahoma, arial, helvetica, sans-serif;"><a href="https://www.pierresuchet.com/Photo/wp-content/uploads/2025/12/La-quete-du-Furan-un-fleuve-stephanois-secret-–-LaCritique.Org_.pdf" target="_blank" rel="noopener">La quête du Furan, un fleuve stéphanois discret</a>. Recension parue sur <a href="https://www.lacritique.org/la-quete-du-furan-un-fleuve-stephanois-secret/" target="_blank" rel="noopener">LaCritique.org</a></span></li>
</ul>
<p>&nbsp;</p>
<p>&nbsp;</p>

<p>Cette page recense les textes produits par différents auteurs, en lien avec mon travail photographique, à l&rsquo;occasion d&rsquo;expositions, de colloques ou de publications d&rsquo;ouvrages. Ces auteurs m&rsquo;ont autorisé à les publier ici, je les en remercie. &nbsp; Danièle Méaux (Professeur des Universités &#8211; Esthétique et sciences de l&rsquo;art &#8211; Université Jean Monnet &#8211; Saint-Etienne) :&#8230;</p>
