{"id":648,"date":"2014-06-20T17:26:20","date_gmt":"2014-06-20T15:26:20","guid":{"rendered":"http:\/\/www.pierresuchet.com\/?page_id=648"},"modified":"2022-05-16T21:21:50","modified_gmt":"2022-05-16T19:21:50","slug":"domestication","status":"publish","type":"page","link":"https:\/\/www.pierresuchet.com\/?page_id=648","title":{"rendered":"A la recherche de la rivi\u00e8re Ni\u00e8vre"},"content":{"rendered":"\n<p>Comment ai-je pu pendant 50 ans ignorer\nl&rsquo;existence de la rivi\u00e8re Ni\u00e8vre traversant Nevers, la ville de mon\nenfance et de mon adolescence&nbsp;?<\/p>\n\n\n\n<p>Cette question et le choc de sa d\u00e9couverte tardive m&rsquo;ont pouss\u00e9 \u00e0 entreprendre depuis 2013 un travail sur ce cours d&rsquo;eau. J&rsquo;ai voulu comprendre sa quasi disparition, sous les effets de la r\u00e9volution industrielle qui l&rsquo;a d\u00e9tourn\u00e9e de son lit et des Trente Glorieuses qui l&rsquo;ont canalis\u00e9e puis engloutie sous une chape de b\u00e9ton et de macadam. J&rsquo;ai cherch\u00e9 ses r\u00e9surgences \u00e0 travers la ville, ses jeux de cache-cache entre espaces publics et domaines priv\u00e9s. J&rsquo;ai observ\u00e9 les tensions qu&rsquo;elle mat\u00e9rialise entre \u00e9conomie et \u00e9cologie, entre urbanisme et environnement. J&rsquo;ai fait d&rsquo;incessants allers-retours entre la vision verticale de la carte g\u00e9ographique et ma vision horizontale de photographe-marcheur.<\/p>\n\n\n\n<p>Le r\u00e9sultat de ce travail est accessible via une <a href=\"https:\/\/umap.openstreetmap.fr\/fr\/map\/la-riviere-nievre-sur-lagglomeration-de-nevers_378051#13\/47.0164\/3.2294\">carte interactive<\/a>, chaque \u00e9pingle permettant d&rsquo;acc\u00e9der \u00e0 la prise de vue correspondante :<\/p>\n\n\n\n<p><a href=\"https:\/\/umap.openstreetmap.fr\/fr\/map\/a-la-recherche-de-la-riviere-nievre_378051#14\/47.0169\/3.1887\" target=\"_blank\" rel=\"noreferrer noopener\"><img loading=\"lazy\" decoding=\"async\" width=\"600\" height=\"600\" class=\"wp-image-2288\" style=\"width: 600px;\" src=\"https:\/\/www.pierresuchet.com\/Photo\/wp-content\/uploads\/2020\/09\/0-Globale.jpg\" alt=\"\" srcset=\"https:\/\/www.pierresuchet.com\/Photo\/wp-content\/uploads\/2020\/09\/0-Globale.jpg 1278w, https:\/\/www.pierresuchet.com\/Photo\/wp-content\/uploads\/2020\/09\/0-Globale-300x300.jpg 300w, https:\/\/www.pierresuchet.com\/Photo\/wp-content\/uploads\/2020\/09\/0-Globale-1024x1024.jpg 1024w, https:\/\/www.pierresuchet.com\/Photo\/wp-content\/uploads\/2020\/09\/0-Globale-150x150.jpg 150w, https:\/\/www.pierresuchet.com\/Photo\/wp-content\/uploads\/2020\/09\/0-Globale-768x768.jpg 768w, https:\/\/www.pierresuchet.com\/Photo\/wp-content\/uploads\/2020\/09\/0-Globale-950x950.jpg 950w, https:\/\/www.pierresuchet.com\/Photo\/wp-content\/uploads\/2020\/09\/0-Globale-280x280.jpg 280w\" sizes=\"auto, (max-width: 600px) 100vw, 600px\" \/><\/a><\/p>\n\n\n\n<p>Ce travail sera expos\u00e9 \u00e0 Nevers, Gu\u00e9rigny et Pr\u00e9mery \u00e0 partir du 3 juin 2022. <a href=\"https:\/\/www.pierresuchet.com\/?p=2686\">Plus d&rsquo;infos sur ce lien<\/a><\/p>\n\n\n\n<p><br><\/p>\n","protected":false},"excerpt":{"rendered":"<p>Comment ai-je pu pendant 50 ans ignorer l&rsquo;existence de la rivi\u00e8re Ni\u00e8vre traversant Nevers, la ville de mon enfance et de mon adolescence&nbsp;? Cette question et le choc de sa d\u00e9couverte tardive m&rsquo;ont pouss\u00e9 \u00e0 entreprendre depuis 2013 un travail sur ce cours d&rsquo;eau. J&rsquo;ai voulu comprendre sa quasi disparition, sous les effets de la&#8230;<\/p>\n","protected":false},"author":1,"featured_media":0,"parent":0,"menu_order":0,"comment_status":"open","ping_status":"open","template":"","meta":{"_monsterinsights_skip_tracking":false,"_monsterinsights_sitenote_active":false,"_monsterinsights_sitenote_note":"","_monsterinsights_sitenote_category":0,"ngg_post_thumbnail":0,"footnotes":""},"class_list":["post-648","page","type-page","status-publish","hentry"],"_links":{"self":[{"href":"https:\/\/www.pierresuchet.com\/index.php?rest_route=\/wp\/v2\/pages\/648","targetHints":{"allow":["GET"]}}],"collection":[{"href":"https:\/\/www.pierresuchet.com\/index.php?rest_route=\/wp\/v2\/pages"}],"about":[{"href":"https:\/\/www.pierresuchet.com\/index.php?rest_route=\/wp\/v2\/types\/page"}],"author":[{"embeddable":true,"href":"https:\/\/www.pierresuchet.com\/index.php?rest_route=\/wp\/v2\/users\/1"}],"replies":[{"embeddable":true,"href":"https:\/\/www.pierresuchet.com\/index.php?rest_route=%2Fwp%2Fv2%2Fcomments&post=648"}],"version-history":[{"count":46,"href":"https:\/\/www.pierresuchet.com\/index.php?rest_route=\/wp\/v2\/pages\/648\/revisions"}],"predecessor-version":[{"id":2691,"href":"https:\/\/www.pierresuchet.com\/index.php?rest_route=\/wp\/v2\/pages\/648\/revisions\/2691"}],"wp:attachment":[{"href":"https:\/\/www.pierresuchet.com\/index.php?rest_route=%2Fwp%2Fv2%2Fmedia&parent=648"}],"curies":[{"name":"wp","href":"https:\/\/api.w.org\/{rel}","templated":true}]}}