{"id":691,"date":"2014-09-02T07:49:57","date_gmt":"2014-09-02T05:49:57","guid":{"rendered":"http:\/\/www.pierresuchet.com\/?page_id=691"},"modified":"2017-05-31T22:39:28","modified_gmt":"2017-05-31T20:39:28","slug":"le-couteau-et-le-labyrinthe","status":"publish","type":"page","link":"https:\/\/www.pierresuchet.com\/?page_id=691","title":{"rendered":"NYC &#8211; Le couteau et le labyrinthe"},"content":{"rendered":"<p>En sortant pour la premi\u00e8re fois du m\u00e9tro new-yorkais, j&rsquo;ai eu le sentiment d&rsquo;\u00eatre plong\u00e9 dans une fiction. Aux images qui se formaient sur ma r\u00e9tine, venaient se superposer les films, les photos et les romans dont ma m\u00e9moire s&rsquo;\u00e9tait impr\u00e9gn\u00e9e depuis l&rsquo;enfance. Une fois pass\u00e9 le moment de saisissement, j&rsquo;ai sorti mon appareil comme on sort un couteau pour d\u00e9chirer le d\u00e9cor et d\u00e9masquer la r\u00e9alit\u00e9. Mais \u00e0 chaque coup de lame, la vertigineuse impression de se retrouver devant un deuxi\u00e8me d\u00e9cor. Puis une troisi\u00e8me b\u00e2che peinte derri\u00e8re, comme des poup\u00e9es gigognes embo\u00eet\u00e9es par un metteur en sc\u00e8ne fac\u00e9tieux. J&rsquo;ai donn\u00e9 beaucoup de coups de couteau, dans une indiff\u00e9rence totale, et sans jamais avoir la certitude d&rsquo;\u00eatre sorti du labyrinthe. Un jour peut-\u00eatre, je d\u00e9couvrirai le film, mont\u00e9 \u00e0 partir des s\u00e9quences des cam\u00e9ras de surveillance, montrant mes d\u00e9risoires tentatives.<\/p>\n<p>&nbsp;<\/p>\n<p><strong>The knife and the maze<\/strong><\/p>\n<p><!-- Coming out, \u00e7a a une connotation qui sans doute ne t\u2019\u00e9chappe plus maintenant que je te le dis\u00a0! --><\/p>\n<p><span lang=\"en-GB\">Getting out of the New York subway for the first time, it felt like being immersed in a fiction. Images that were forming on my retina were overlapped by films, photos and novels that my memory had been filled with since my chilhood. Once the shock has worn off, I pulled out my camera as one pulls out a knife to tear the scenery apart and unmask reality, but as I was stabbing, I had the dizzying feeling of finding myself in front of a second setting. Then a third tarpaulin painted behind, like Russian dolls nested by a facetious movie director. I gave a lot of stabbing, in a complete indifference, without being sure to get out of the maze. Maybe one day, I will discover the film, made of the footage collages of the security cameras, showing my pathetic attempts.<\/span><\/p>\n<p>.<\/p>\n<p><a href=\"https:\/\/www.pierresuchet.com\/Photo\/wp-content\/uploads\/2014\/08\/NYC-10.jpg\"><img loading=\"lazy\" decoding=\"async\" class=\"alignnone size-full wp-image-692\" src=\"https:\/\/www.pierresuchet.com\/Photo\/wp-content\/uploads\/2014\/08\/NYC-10.jpg\" alt=\"\" width=\"902\" height=\"600\" srcset=\"https:\/\/www.pierresuchet.com\/Photo\/wp-content\/uploads\/2014\/08\/NYC-10.jpg 902w, https:\/\/www.pierresuchet.com\/Photo\/wp-content\/uploads\/2014\/08\/NYC-10-300x199.jpg 300w, https:\/\/www.pierresuchet.com\/Photo\/wp-content\/uploads\/2014\/08\/NYC-10-280x186.jpg 280w\" sizes=\"auto, (max-width: 902px) 100vw, 902px\" \/><\/a><\/p>\n<p>&nbsp;<\/p>\n<p><a href=\"https:\/\/www.pierresuchet.com\/Photo\/wp-content\/uploads\/2014\/08\/NYC-11.jpg\"><img loading=\"lazy\" decoding=\"async\" class=\"alignnone size-full wp-image-693\" src=\"https:\/\/www.pierresuchet.com\/Photo\/wp-content\/uploads\/2014\/08\/NYC-11.jpg\" alt=\"\" width=\"900\" height=\"600\" srcset=\"https:\/\/www.pierresuchet.com\/Photo\/wp-content\/uploads\/2014\/08\/NYC-11.jpg 900w, https:\/\/www.pierresuchet.com\/Photo\/wp-content\/uploads\/2014\/08\/NYC-11-300x200.jpg 300w, https:\/\/www.pierresuchet.com\/Photo\/wp-content\/uploads\/2014\/08\/NYC-11-280x186.jpg 280w\" sizes=\"auto, (max-width: 900px) 100vw, 900px\" \/><\/a><\/p>\n<p>&nbsp;<\/p>\n<p><a href=\"https:\/\/www.pierresuchet.com\/Photo\/wp-content\/uploads\/2014\/08\/NYC-12.jpg\"><img loading=\"lazy\" decoding=\"async\" class=\"alignnone size-full wp-image-694\" src=\"https:\/\/www.pierresuchet.com\/Photo\/wp-content\/uploads\/2014\/08\/NYC-12.jpg\" alt=\"\" width=\"908\" height=\"600\" srcset=\"https:\/\/www.pierresuchet.com\/Photo\/wp-content\/uploads\/2014\/08\/NYC-12.jpg 908w, https:\/\/www.pierresuchet.com\/Photo\/wp-content\/uploads\/2014\/08\/NYC-12-300x198.jpg 300w, https:\/\/www.pierresuchet.com\/Photo\/wp-content\/uploads\/2014\/08\/NYC-12-280x185.jpg 280w\" sizes=\"auto, (max-width: 908px) 100vw, 908px\" \/><\/a><\/p>\n<p>&nbsp;<\/p>\n<p><a href=\"https:\/\/www.pierresuchet.com\/Photo\/wp-content\/uploads\/2014\/08\/NYC-13.jpg\"><img loading=\"lazy\" decoding=\"async\" class=\"alignnone size-full wp-image-695\" src=\"https:\/\/www.pierresuchet.com\/Photo\/wp-content\/uploads\/2014\/08\/NYC-13.jpg\" alt=\"\" width=\"895\" height=\"600\" srcset=\"https:\/\/www.pierresuchet.com\/Photo\/wp-content\/uploads\/2014\/08\/NYC-13.jpg 895w, https:\/\/www.pierresuchet.com\/Photo\/wp-content\/uploads\/2014\/08\/NYC-13-300x201.jpg 300w, https:\/\/www.pierresuchet.com\/Photo\/wp-content\/uploads\/2014\/08\/NYC-13-280x187.jpg 280w\" sizes=\"auto, (max-width: 895px) 100vw, 895px\" \/><\/a><\/p>\n<p>&nbsp;<\/p>\n<p><a href=\"https:\/\/www.pierresuchet.com\/Photo\/wp-content\/uploads\/2014\/08\/NYC-14.jpg\"><img loading=\"lazy\" decoding=\"async\" class=\"alignnone size-full wp-image-696\" src=\"https:\/\/www.pierresuchet.com\/Photo\/wp-content\/uploads\/2014\/08\/NYC-14.jpg\" alt=\"\" width=\"909\" height=\"600\" srcset=\"https:\/\/www.pierresuchet.com\/Photo\/wp-content\/uploads\/2014\/08\/NYC-14.jpg 909w, https:\/\/www.pierresuchet.com\/Photo\/wp-content\/uploads\/2014\/08\/NYC-14-300x198.jpg 300w, https:\/\/www.pierresuchet.com\/Photo\/wp-content\/uploads\/2014\/08\/NYC-14-280x184.jpg 280w\" sizes=\"auto, (max-width: 909px) 100vw, 909px\" \/><\/a><\/p>\n<p>&nbsp;<\/p>\n<p><a href=\"https:\/\/www.pierresuchet.com\/Photo\/wp-content\/uploads\/2014\/08\/NYC-15.jpg\"><img loading=\"lazy\" decoding=\"async\" class=\"alignnone size-full wp-image-697\" src=\"https:\/\/www.pierresuchet.com\/Photo\/wp-content\/uploads\/2014\/08\/NYC-15.jpg\" alt=\"\" width=\"914\" height=\"600\" srcset=\"https:\/\/www.pierresuchet.com\/Photo\/wp-content\/uploads\/2014\/08\/NYC-15.jpg 914w, https:\/\/www.pierresuchet.com\/Photo\/wp-content\/uploads\/2014\/08\/NYC-15-300x196.jpg 300w, https:\/\/www.pierresuchet.com\/Photo\/wp-content\/uploads\/2014\/08\/NYC-15-280x183.jpg 280w\" sizes=\"auto, (max-width: 914px) 100vw, 914px\" \/><\/a><\/p>\n<p>&nbsp;<\/p>\n<p><a href=\"https:\/\/www.pierresuchet.com\/Photo\/wp-content\/uploads\/2014\/08\/NYC-16.jpg\"><img loading=\"lazy\" decoding=\"async\" class=\"alignnone size-full wp-image-698\" src=\"https:\/\/www.pierresuchet.com\/Photo\/wp-content\/uploads\/2014\/08\/NYC-16.jpg\" alt=\"\" width=\"934\" height=\"600\" srcset=\"https:\/\/www.pierresuchet.com\/Photo\/wp-content\/uploads\/2014\/08\/NYC-16.jpg 934w, https:\/\/www.pierresuchet.com\/Photo\/wp-content\/uploads\/2014\/08\/NYC-16-300x192.jpg 300w, https:\/\/www.pierresuchet.com\/Photo\/wp-content\/uploads\/2014\/08\/NYC-16-280x179.jpg 280w\" sizes=\"auto, (max-width: 934px) 100vw, 934px\" \/><\/a><\/p>\n<p>&nbsp;<\/p>\n<p><a href=\"https:\/\/www.pierresuchet.com\/Photo\/wp-content\/uploads\/2014\/08\/NYC-17.jpg\"><img loading=\"lazy\" decoding=\"async\" class=\"alignnone size-full wp-image-699\" src=\"https:\/\/www.pierresuchet.com\/Photo\/wp-content\/uploads\/2014\/08\/NYC-17.jpg\" alt=\"\" width=\"929\" height=\"600\" srcset=\"https:\/\/www.pierresuchet.com\/Photo\/wp-content\/uploads\/2014\/08\/NYC-17.jpg 929w, https:\/\/www.pierresuchet.com\/Photo\/wp-content\/uploads\/2014\/08\/NYC-17-300x193.jpg 300w, https:\/\/www.pierresuchet.com\/Photo\/wp-content\/uploads\/2014\/08\/NYC-17-280x180.jpg 280w\" sizes=\"auto, (max-width: 929px) 100vw, 929px\" \/><\/a><\/p>\n<p>&nbsp;<\/p>\n<p><a href=\"https:\/\/www.pierresuchet.com\/Photo\/wp-content\/uploads\/2014\/08\/NYC-18.jpg\"><img loading=\"lazy\" decoding=\"async\" class=\"alignnone size-full wp-image-700\" src=\"https:\/\/www.pierresuchet.com\/Photo\/wp-content\/uploads\/2014\/08\/NYC-18.jpg\" alt=\"\" width=\"900\" height=\"600\" srcset=\"https:\/\/www.pierresuchet.com\/Photo\/wp-content\/uploads\/2014\/08\/NYC-18.jpg 900w, https:\/\/www.pierresuchet.com\/Photo\/wp-content\/uploads\/2014\/08\/NYC-18-300x200.jpg 300w, https:\/\/www.pierresuchet.com\/Photo\/wp-content\/uploads\/2014\/08\/NYC-18-280x186.jpg 280w\" sizes=\"auto, (max-width: 900px) 100vw, 900px\" \/><\/a><\/p>\n<p>&nbsp;<\/p>\n<p><a href=\"https:\/\/www.pierresuchet.com\/Photo\/wp-content\/uploads\/2014\/08\/NYC-19.jpg\"><img loading=\"lazy\" decoding=\"async\" class=\"alignnone size-full wp-image-701\" src=\"https:\/\/www.pierresuchet.com\/Photo\/wp-content\/uploads\/2014\/08\/NYC-19.jpg\" alt=\"\" width=\"922\" height=\"600\" srcset=\"https:\/\/www.pierresuchet.com\/Photo\/wp-content\/uploads\/2014\/08\/NYC-19.jpg 922w, https:\/\/www.pierresuchet.com\/Photo\/wp-content\/uploads\/2014\/08\/NYC-19-300x195.jpg 300w, https:\/\/www.pierresuchet.com\/Photo\/wp-content\/uploads\/2014\/08\/NYC-19-280x182.jpg 280w\" sizes=\"auto, (max-width: 922px) 100vw, 922px\" \/><\/a><\/p>\n<p>&nbsp;<\/p>\n<p><a href=\"https:\/\/www.pierresuchet.com\/Photo\/wp-content\/uploads\/2014\/08\/NYC-20.jpg\"><img loading=\"lazy\" decoding=\"async\" class=\"alignnone size-full wp-image-702\" src=\"https:\/\/www.pierresuchet.com\/Photo\/wp-content\/uploads\/2014\/08\/NYC-20.jpg\" alt=\"\" width=\"930\" height=\"600\" srcset=\"https:\/\/www.pierresuchet.com\/Photo\/wp-content\/uploads\/2014\/08\/NYC-20.jpg 930w, https:\/\/www.pierresuchet.com\/Photo\/wp-content\/uploads\/2014\/08\/NYC-20-300x193.jpg 300w, https:\/\/www.pierresuchet.com\/Photo\/wp-content\/uploads\/2014\/08\/NYC-20-280x180.jpg 280w\" sizes=\"auto, (max-width: 930px) 100vw, 930px\" \/><\/a><\/p>\n<p>&nbsp;<\/p>\n<p><a href=\"https:\/\/www.pierresuchet.com\/Photo\/wp-content\/uploads\/2014\/08\/NYC-21.jpg\"><img loading=\"lazy\" decoding=\"async\" class=\"alignnone size-full wp-image-703\" src=\"https:\/\/www.pierresuchet.com\/Photo\/wp-content\/uploads\/2014\/08\/NYC-21.jpg\" alt=\"\" width=\"906\" height=\"600\" srcset=\"https:\/\/www.pierresuchet.com\/Photo\/wp-content\/uploads\/2014\/08\/NYC-21.jpg 906w, https:\/\/www.pierresuchet.com\/Photo\/wp-content\/uploads\/2014\/08\/NYC-21-300x198.jpg 300w, https:\/\/www.pierresuchet.com\/Photo\/wp-content\/uploads\/2014\/08\/NYC-21-280x185.jpg 280w\" sizes=\"auto, (max-width: 906px) 100vw, 906px\" \/><\/a><\/p>\n<p>&nbsp;<\/p>\n<p><a href=\"https:\/\/www.pierresuchet.com\/Photo\/wp-content\/uploads\/2014\/08\/NYC-22.jpg\"><img loading=\"lazy\" decoding=\"async\" class=\"alignnone size-full wp-image-704\" src=\"https:\/\/www.pierresuchet.com\/Photo\/wp-content\/uploads\/2014\/08\/NYC-22.jpg\" alt=\"\" width=\"900\" height=\"600\" srcset=\"https:\/\/www.pierresuchet.com\/Photo\/wp-content\/uploads\/2014\/08\/NYC-22.jpg 900w, https:\/\/www.pierresuchet.com\/Photo\/wp-content\/uploads\/2014\/08\/NYC-22-300x200.jpg 300w, https:\/\/www.pierresuchet.com\/Photo\/wp-content\/uploads\/2014\/08\/NYC-22-280x186.jpg 280w\" sizes=\"auto, (max-width: 900px) 100vw, 900px\" \/><\/a><\/p>\n<p>&nbsp;<\/p>\n<p><a href=\"https:\/\/www.pierresuchet.com\/Photo\/wp-content\/uploads\/2014\/08\/NYC-23.jpg\"><img loading=\"lazy\" decoding=\"async\" class=\"alignnone size-full wp-image-705\" src=\"https:\/\/www.pierresuchet.com\/Photo\/wp-content\/uploads\/2014\/08\/NYC-23.jpg\" alt=\"\" width=\"897\" height=\"600\" srcset=\"https:\/\/www.pierresuchet.com\/Photo\/wp-content\/uploads\/2014\/08\/NYC-23.jpg 897w, https:\/\/www.pierresuchet.com\/Photo\/wp-content\/uploads\/2014\/08\/NYC-23-300x200.jpg 300w, https:\/\/www.pierresuchet.com\/Photo\/wp-content\/uploads\/2014\/08\/NYC-23-280x187.jpg 280w\" sizes=\"auto, (max-width: 897px) 100vw, 897px\" \/><\/a><\/p>\n<p>&nbsp;<\/p>\n<p><a href=\"https:\/\/www.pierresuchet.com\/Photo\/wp-content\/uploads\/2014\/08\/NYC-24.jpg\"><img loading=\"lazy\" decoding=\"async\" class=\"alignnone size-full wp-image-706\" src=\"https:\/\/www.pierresuchet.com\/Photo\/wp-content\/uploads\/2014\/08\/NYC-24.jpg\" alt=\"\" width=\"925\" height=\"600\" srcset=\"https:\/\/www.pierresuchet.com\/Photo\/wp-content\/uploads\/2014\/08\/NYC-24.jpg 925w, https:\/\/www.pierresuchet.com\/Photo\/wp-content\/uploads\/2014\/08\/NYC-24-300x194.jpg 300w, https:\/\/www.pierresuchet.com\/Photo\/wp-content\/uploads\/2014\/08\/NYC-24-280x181.jpg 280w\" sizes=\"auto, (max-width: 925px) 100vw, 925px\" \/><\/a><\/p>\n<p>&nbsp;<\/p>\n<p><a href=\"https:\/\/www.pierresuchet.com\/Photo\/wp-content\/uploads\/2014\/08\/NYC-25.jpg\"><img loading=\"lazy\" decoding=\"async\" class=\"alignnone size-full wp-image-707\" src=\"https:\/\/www.pierresuchet.com\/Photo\/wp-content\/uploads\/2014\/08\/NYC-25.jpg\" alt=\"\" width=\"903\" height=\"600\" srcset=\"https:\/\/www.pierresuchet.com\/Photo\/wp-content\/uploads\/2014\/08\/NYC-25.jpg 903w, https:\/\/www.pierresuchet.com\/Photo\/wp-content\/uploads\/2014\/08\/NYC-25-300x199.jpg 300w, https:\/\/www.pierresuchet.com\/Photo\/wp-content\/uploads\/2014\/08\/NYC-25-280x186.jpg 280w\" sizes=\"auto, (max-width: 903px) 100vw, 903px\" \/><\/a><\/p>\n<p>&nbsp;<\/p>\n<p><a href=\"https:\/\/www.pierresuchet.com\/Photo\/wp-content\/uploads\/2014\/08\/NYC-26.jpg\"><img loading=\"lazy\" decoding=\"async\" class=\"alignnone size-full wp-image-708\" src=\"https:\/\/www.pierresuchet.com\/Photo\/wp-content\/uploads\/2014\/08\/NYC-26.jpg\" alt=\"\" width=\"912\" height=\"600\" srcset=\"https:\/\/www.pierresuchet.com\/Photo\/wp-content\/uploads\/2014\/08\/NYC-26.jpg 912w, https:\/\/www.pierresuchet.com\/Photo\/wp-content\/uploads\/2014\/08\/NYC-26-300x197.jpg 300w, https:\/\/www.pierresuchet.com\/Photo\/wp-content\/uploads\/2014\/08\/NYC-26-280x184.jpg 280w\" sizes=\"auto, (max-width: 912px) 100vw, 912px\" \/><\/a><\/p>\n<p>&nbsp;<\/p>\n<p><a href=\"https:\/\/www.pierresuchet.com\/Photo\/wp-content\/uploads\/2014\/08\/NYC-28.jpg\"><img loading=\"lazy\" decoding=\"async\" class=\"alignnone size-full wp-image-710\" src=\"https:\/\/www.pierresuchet.com\/Photo\/wp-content\/uploads\/2014\/08\/NYC-28.jpg\" alt=\"\" width=\"916\" height=\"600\" srcset=\"https:\/\/www.pierresuchet.com\/Photo\/wp-content\/uploads\/2014\/08\/NYC-28.jpg 916w, https:\/\/www.pierresuchet.com\/Photo\/wp-content\/uploads\/2014\/08\/NYC-28-300x196.jpg 300w, https:\/\/www.pierresuchet.com\/Photo\/wp-content\/uploads\/2014\/08\/NYC-28-280x183.jpg 280w\" sizes=\"auto, (max-width: 916px) 100vw, 916px\" \/><\/a><\/p>\n<p>&nbsp;<\/p>\n<p><a href=\"https:\/\/www.pierresuchet.com\/Photo\/wp-content\/uploads\/2014\/08\/NYC-27.jpg\"><img loading=\"lazy\" decoding=\"async\" class=\"alignnone size-full wp-image-709\" src=\"https:\/\/www.pierresuchet.com\/Photo\/wp-content\/uploads\/2014\/08\/NYC-27.jpg\" alt=\"\" width=\"897\" height=\"600\" srcset=\"https:\/\/www.pierresuchet.com\/Photo\/wp-content\/uploads\/2014\/08\/NYC-27.jpg 897w, https:\/\/www.pierresuchet.com\/Photo\/wp-content\/uploads\/2014\/08\/NYC-27-300x200.jpg 300w, https:\/\/www.pierresuchet.com\/Photo\/wp-content\/uploads\/2014\/08\/NYC-27-280x187.jpg 280w\" sizes=\"auto, (max-width: 897px) 100vw, 897px\" \/><\/a><\/p>\n<p>&nbsp;<\/p>\n<p>&nbsp;<\/p>\n","protected":false},"excerpt":{"rendered":"<p>En sortant pour la premi\u00e8re fois du m\u00e9tro new-yorkais, j&rsquo;ai eu le sentiment d&rsquo;\u00eatre plong\u00e9 dans une fiction. Aux images qui se formaient sur ma r\u00e9tine, venaient se superposer les films, les photos et les romans dont ma m\u00e9moire s&rsquo;\u00e9tait impr\u00e9gn\u00e9e depuis l&rsquo;enfance. Une fois pass\u00e9 le moment de saisissement, j&rsquo;ai sorti mon appareil comme&#8230;<\/p>\n","protected":false},"author":1,"featured_media":692,"parent":0,"menu_order":0,"comment_status":"open","ping_status":"open","template":"","meta":{"_monsterinsights_skip_tracking":false,"_monsterinsights_sitenote_active":false,"_monsterinsights_sitenote_note":"","_monsterinsights_sitenote_category":0,"ngg_post_thumbnail":0,"footnotes":""},"class_list":["post-691","page","type-page","status-publish","has-post-thumbnail","hentry"],"_links":{"self":[{"href":"https:\/\/www.pierresuchet.com\/index.php?rest_route=\/wp\/v2\/pages\/691","targetHints":{"allow":["GET"]}}],"collection":[{"href":"https:\/\/www.pierresuchet.com\/index.php?rest_route=\/wp\/v2\/pages"}],"about":[{"href":"https:\/\/www.pierresuchet.com\/index.php?rest_route=\/wp\/v2\/types\/page"}],"author":[{"embeddable":true,"href":"https:\/\/www.pierresuchet.com\/index.php?rest_route=\/wp\/v2\/users\/1"}],"replies":[{"embeddable":true,"href":"https:\/\/www.pierresuchet.com\/index.php?rest_route=%2Fwp%2Fv2%2Fcomments&post=691"}],"version-history":[{"count":10,"href":"https:\/\/www.pierresuchet.com\/index.php?rest_route=\/wp\/v2\/pages\/691\/revisions"}],"predecessor-version":[{"id":1291,"href":"https:\/\/www.pierresuchet.com\/index.php?rest_route=\/wp\/v2\/pages\/691\/revisions\/1291"}],"wp:featuredmedia":[{"embeddable":true,"href":"https:\/\/www.pierresuchet.com\/index.php?rest_route=\/wp\/v2\/media\/692"}],"wp:attachment":[{"href":"https:\/\/www.pierresuchet.com\/index.php?rest_route=%2Fwp%2Fv2%2Fmedia&parent=691"}],"curies":[{"name":"wp","href":"https:\/\/api.w.org\/{rel}","templated":true}]}}